52.
2, 1319
What are the prime factors of 35186?
2, 73, 241
List the prime factors of 18730.
2, 5, 1873
List the prime factors of 917.
7, 131
List the prime factors of 72111.
3, 13, 43
List the prime factors of 6094.
2, 11, 277
List the prime factors of 502.
2, 251
What are the prime factors of 3159?
3, 13
What are the prime factors of 15072?
2, 3, 157
List the prime factors of 997.
997
List the prime factors of 86439.
3, 28813
List the prime factors of 3908.
2, 977
List the prime factors of 317.
317
List the prime factors of 871.
13, 67
List the prime factors of 1580.
2, 5, 79
List the prime factors of 3049.
3049
List the prime factors of 11831.
11831
List the prime factors of 185.
5, 37
List the prime factors of 26174.
2, 23, 569
List the prime factors of 5159.
7, 11, 67
List the prime factors of 8614.
2, 59, 73
What are the prime factors of 50056?
2, 6257
List the prime factors of 4686.
2, 3, 11, 71
List the prime factors of 6511.
17, 383
List the prime factors of 317.
317
What are the prime factors of 4291?
7, 613
List the prime factors of 46237.
46237
What are the prime factors of 617?
617
What are the prime factors of 9164?
2, 29, 79
List the prime factors of 2446.
2, 1223
What are the prime factors of 2163?
3, 7, 103
List the prime factors of 25104.
2, 3, 523
List the prime factors of 57014.
2, 29, 983
What are the prime factors of 590?
2, 5, 59
List the prime factors of 4660.
2, 5, 233
What are the prime factors of 1866?
2, 3, 311
What are the prime factors of 2320?
2, 5, 29
List the prime factors of 3874.
2, 13, 149
List the prime factors of 20323.
20323
List the prime factors of 9048.
2, 3, 13, 29
What are the prime factors of 5664?
2, 3, 59
What are the prime factors of 2737?
7, 17, 23
What are the prime factors of 5628?
2, 3, 7, 67
What are the prime factors of 110391?
3, 31, 1187
What are the prime factors of 1596?
2, 3, 7, 19
List the prime factors of 946.
2, 11, 43
What are the prime factors of 1324?
2, 331
List the prime factors of 125812.
2, 71, 443
List the prime factors of 4392.
2, 3, 61
What are the prime factors of 5318?
2, 2659
List the prime factors of 51258.
2, 3, 8543
List the prime factors of 11170.
2, 5, 1117
List the prime factors of 7870.
2, 5, 787
List the prime factors of 522.
2, 3, 29
What are the prime factors of 6792?
2, 3, 283
List the prime factors of 22362.
2, 3, 3727
What are the prime factors of 1324?
2, 331
List the prime factors of 7823.
7823
What are the prime factors of 12571?
13, 967
What are the prime factors of 11653?
43, 271
What are the prime factors of 71?
71
What are the prime factors of 799?
17, 47
List the prime factors of 1843.
19, 97
List the prime factors of 91.
7, 13
List the prime factors of 7775.
5, 311
List the prime factors of 603.
3, 67
List the prime factors of 58153.
58153
List the prime factors of 4634.
2, 7, 331
List the prime factors of 764.
2, 191
List the prime factors of 4010.
2, 5, 401
What are the prime factors of 7359?
3, 11, 223
List the prime factors of 2800.
2, 5, 7
List the prime factors of 137.
137
What are the prime factors of 10282?
2, 53, 97
What are the prime factors of 839?
839
What are the prime factors of 3155?
5, 631
What are the prime factors of 3440?
2, 5, 43
List the prime factors of 2785.
5, 557
What are the prime factors of 19863?
3, 2207
What are the prime factors of 13731?
3, 23, 199
List the prime factors of 577.
577
List the prime factors of 5048.
2, 631
What are the prime factors of 3500?
2, 5, 7
List the prime factors of 2658.
2, 3, 443
What are the prime factors of 2520?
2, 3, 5, 7
List the prime factors of 4285.
5, 857
List the prime factors of 18092.
2, 4523
List the prime factors of 2730.
2, 3, 5, 7, 13
List the prime factors of 24006.
2, 3, 4001
What are the prime factors of 55261?
73, 757
List the prime factors of 8209.
8209
List the prime factors of 57478.
2, 29, 991
List the prime factors of 11087.
11087
List the prime factors of 13497.
3, 11, 409
List the prime factors of 2565.
3, 5, 19
What are the prime factors of 37636?
2, 97
What are the prime factors of 2510?
2, 5, 251
List the prime factors of 9217.
13, 709
What are the prime factors of 91706?
2, 45853
What are the prime factors of 24974?
2, 12487
List the prime factors of 25882.
2, 12941
List the prime factors of 48949.
31, 1579
What are the prime factors of 406?
2, 7, 29
List the prime factors of 3015.
3, 5, 67
List the prime factors of 2010.
2, 3, 5, 67
What are the prime factors of 47448?
2, 3, 659
What are the prime factors of 11407?
11, 17, 61
List the prime factors of 6586.
2, 37, 89
What are the prime factors of 45306?
2, 3, 839
What are the prime factors of 82125?
3, 5, 73
What are the prime factors of 3253?
3253
List the prime factors of 7548.
2, 3, 17, 37
List the prime factors of 61870.
2, 5, 23, 269
What are the prime factors of 3924?
2, 3, 109
List the prime factors of 251.
251
What are the prime factors of 5329?
73
List the prime factors of 921.
3, 307
What are the prime factors of 9562?
2, 7, 683
What are the prime factors of 1618?
2, 809
List the prime factors of 39.
3, 13
What are the prime factors of 6142?
2, 37, 83
What are the prime factors of 532?
2, 7, 19
List the prime factors of 28828.
2, 7207
List the prime factors of 7931.
7, 11, 103
List the prime factors of 1376.
2, 43
List the prime factors of 661.
661
List the prime factors of 1132.
2, 283
List the prime factors of 41142.
2, 3, 6857
What are the prime factors of 21351?
3, 11, 647
List the prime factors of 16973.
11, 1543
List the prime factors of 56942.
2, 71, 401
List the prime factors of 75025.
5, 3001
List the prime factors of 3464.
2, 433
What are the prime factors of 31924?
2, 23, 347
What are the prime factors of 724?
2, 181
What are the prime factors of 80666?
2, 53, 761
List the prime factors of 2530.
2, 5, 11, 23
List the prime factors of 453.
3, 151
What are the prime factors of 28343?
7, 4049
What are the prime factors of 27798?
2, 3, 41, 113
List the prime factors of 815.
5, 163
List the prime factors of 11053.
7, 1579
What are the prime factors of 80511?
3, 47, 571
List the prime factors of 3732.
2, 3, 311
List the prime factors of 72991.
47, 1553
List the prime factors of 23915.
5, 4783
What are the prime factors of 30507?
3, 10169
List the prime factors of 138.
2, 3, 23
What are the prime factors of 27974?
2, 71, 197
What are the prime factors of 35437?
35437
What are the prime factors of 999?
3, 37
What are the prime factors of 1279?
1279
What are the prime factors of 751?
751
What are the prime factors of 747?
3, 83
What are the prime factors of 61144?
2, 7643
What are the prime factors of 13467?
3, 67
List the prime factors of 1751.
17, 103
What are the prime factors of 102522?
2, 3, 7, 2441
List the prime factors of 5018.
2, 13, 193
What are the prime factors of 20082?
2, 3, 3347
List the prime factors of 6397.
6397
What are the prime factors of 591?
3, 197
What are the prime factors of 1272?
2, 3, 53
What are the prime factors of 657?
3, 73
What are the prime factors of 15682?
2, 7841
What are the prime factors of 9766?
2, 19, 257
List the prime factors of 946.
2, 11, 43
List the prime factors of 893.
19, 47
What are the prime factors of 607?
607
List the prime factors of 1216.
2, 19
What are the prime factors of 17955?
3, 5, 7, 19
List the prime factors of 1173.
3, 17, 23
List the prime factors of 2449.
31, 79
What are the prime factors of 50387?
50387
What are the prime factors of 57?
3, 19
What are the prime factors of 36454?
2, 11, 1657
List the prime factors of 3897.
3, 433
List the prime factors of 424.
2, 53
What are the prime factors of 2120?
2, 5, 53
List the prime factors of 17958.
2, 3, 41, 73
What are the prime factors of 191?
191
List the prime factors of 1321.
1321
What are the prime factors of 6965?
5, 7, 199
What are the prime factors of 912?
2, 3, 19
List the prime factors of 18.
2, 3
What are the prime factors of 18697?
7, 2671
List the prime factors of 9929.
9929
What are the prime factors of 1080?
2, 3, 5
What are the prime factors of 7415?
5, 1483
What are the prime factors of 23912?
2, 7, 61
List the prime factors of 6250.
2, 5
What are the prime factors of 17003?
7, 347
What are the prime factors of 634?
2, 317
List the prime factors of 1105.
5, 13, 17
What